e number?
False
Is 636251795 prime?
False
Is 9805647689 a prime number?
False
Is 31968397057 a composite number?
True
Is 174469879 a prime number?
False
Is 2119133873 a prime number?
True
Is 53407787 a prime number?
True
Is 7834088039 a prime number?
False
Is 29631277349 composite?
True
Is 2163776203 a prime number?
True
Is 332439955171 a composite number?
False
Is 383709569 a composite number?
False
Is 37722053357 a composite number?
True
Is 715089041 a prime number?
False
Is 10446801077 a prime number?
True
Is 4573918669 a prime number?
True
Is 241698491 prime?
False
Is 187692180899 prime?
True
Is 636057949 composite?
True
Is 2328521063 prime?
False
Is 290414021 a composite number?
False
Is 44248148333 prime?
True
Is 4055318837 prime?
True
Is 27994326677 a composite number?
True
Is 27143791813 a prime number?
False
Is 407989759 a prime number?
False
Is 39826361639 a composite number?
False
Is 219832303 a composite number?
True
Is 40046643883 prime?
True
Is 1393374953 a prime number?
False
Is 1068563329 a prime number?
True
Is 234839333 composite?
True
Is 25870896169 a prime number?
True
Is 7114016131 a composite number?
True
Is 209156370749 a composite number?
True
Is 12053933767 prime?
True
Is 290679113 prime?
True
Is 6791026147 prime?
True
Is 330281441 composite?
True
Is 7225244711 prime?
False
Is 5452129337 prime?
False
Is 1176309991 a composite number?
True
Is 7822980167 composite?
True
Is 131415101 a prime number?
False
Is 339072101 composite?
True
Is 11650995553 a prime number?
True
Is 41590424807 a prime number?
True
Is 3392018167 prime?
True
Is 4244991101 prime?
False
Is 7258270511 prime?
False
Is 5086697617 a prime number?
True
Is 768993989 prime?
False
Is 3499529669 prime?
False
Is 709746541 a prime number?
False
Is 5606508133 prime?
True
Is 697247429 composite?
False
Is 238332487 a prime number?
True
Is 231945598163 prime?
True
Is 8104350571 composite?
False
Is 26418907633 composite?
False
Is 2767608029 composite?
True
Is 1275172453 prime?
True
Is 24112157101 a composite number?
False
Is 1562443627 prime?
True
Is 442878413 prime?
True
Is 1058696489 a composite number?
False
Is 108554249 a composite number?
False
Is 3979761663 a composite number?
True
Is 674139183 a composite number?
True
Is 93138338297 composite?
False
Is 641918941 a composite number?
True
Is 134099437 prime?
True
Is 6304674477 composite?
True
Is 27583078387 prime?
False
Is 4000402181 a composite number?
False
Is 1739917891 prime?
False
Is 881879917 composite?
True
Is 28220863849 a composite number?
False
Is 8642602807 a prime number?
True
Is 14183885291 composite?
False
Is 50589573611 a composite number?
False
Is 995344827 a composite number?
True
Is 45836207471 a prime number?
True
Is 155590977935 a composite number?
True
Is 9950579627 a prime number?
True
Is 85082950538 a prime number?
False
Is 8965819367 prime?
True
Is 69599298997 composite?
True
Is 7623408757 a composite number?
False
Is 12809440909 composite?
False
Is 9996798761 a prime number?
False
Is 171635429417 a prime number?
True
Is 2481109969 prime?
False
Is 3543142145 a composite number?
True
Is 1344954019 composite?
True
Is 4194950861 a composite number?
True
Is 9428088637 composite?
True
Is 2990265205 prime?
False
Is 879652619 a composite number?
False
Is 4936130411 prime?
True
Is 1630331473 a prime number?
True
Is 2500809917 a composite number?
False
Is 6135578117 composite?
True
Is 115234346 a prime number?
False
Is 622637021 a composite number?
True
Is 23855519 prime?
True
Is 793507907 prime?
True
Is 10459380767 a composite number?
True
Is 2862469223 prime?
False
Is 2828512439 a composite number?
False
Is 62385599 prime?
False
Is 49819639291 prime?
True
Is 223443043 a prime number?
False
Is 1303574789 a composite number?
True
Is 19231415747 a prime number?
False
Is 1345028351 prime?
True
Is 10883679847 a composite number?
True
Is 94157026357 prime?
True
Is 227296688167 a composite number?
False
Is 1321013773 prime?
True
Is 14656232933 prime?
False
Is 3212355026 a composite number?
True
Is 3747793487 a composite number?
False
Is 603050579 prime?
True
Is 28751965267 a prime number?
True
Is 149149032793 composite?
True
Is 644700037 a composite number?
False
Is 86987572531 prime?
True
Is 130099357481 composite?
False
Is 71508601 a prime number?
True
Is 632336149 a composite number?
True
Is 900038917 a composite number?
True
Is 2590023253 prime?
False
Is 1417429979 prime?
False
Is 694167421 prime?
True
Is 6369373811 a prime number?
True
Is 5636932429 prime?
True
Is 10490461427 prime?
False
Is 37505648458 a prime number?
False
Is 7298536963 prime?
True
Is 2808248789 a prime number?
True
Is 273503874121 prime?
False
Is 572155019 a prime number?
True
Is 27037866067 a composite number?
True
Is 5756578991 prime?
True
Is 18510223079 composite?
True
Is 32725221791 a composite number?
False
Is 3080422129 a prime number?
False
Is 10139331341 a composite number?
True
Is 73949750143 a prime number?
True
Is 1782896219 prime?
False
Is 1106877113 a prime number?
True
Is 417505519 prime?
True
Is 241811837 prime?
False
Is 4938704503 composite?
True
Is 6414677947 composite?
False
Is 43798474261 a composite number?
True
Is 699807461 a composite number?
False
Is 3052417777 composite?
True
Is 472092287 a composite number?
True
Is 1299772607 a composite number?
True
Is 8133677581 composite?
False
Is 10250942801 a composite number?
True
Is 172692161 a prime number?
True
Is 23367891191 composite?
False
Is 40429497967 a prime number?
True
Is 215067397 a composite number?
True
Is 28926633889 prime?
True
Is 175116636061 prime?
False
Is 120873217 prime?
True
Is 282400561 a composite number?
False
Is 51238288451 composite?
True
Is 392921587 a prime number?
False
Is 5417772533 prime?
True
Is 4662627031 a prime number?
True
Is 31802017307 composite?
False
Is 9764665229 a composite number?
True
Is 77418401527 composite?
True
Is 2588720367 a composite number?
True
Is 929475803 prime?
True
Is 201717881 prime?
False
Is 42016987093 a composite number?
False
Is 7413927197 a prime number?
False
Is 10259239 prime?
False
Is 2439947777 prime?
False
Is 185763141593 composite?
False
Is 5542134061 prime?
False
Is 394355837 prime?
False
Is 560768498 composite?
True
Is 99787243957 prime?
True
Is 358763593 composite?
False
Is 1623768163 a prime number?
True
Is 7609376507 composite?
True
Is 6929677589 prime?
True
Is 1486623967 a composite number?
False
Is 717393763 a composite number?
True
Is 365027743 a composite number?
False
Is 6985407459 a prime number?
False
Is 829970497 a composite number?
False
Is 1427680931 composite?
False
Is 1545010601 a composite number?
False
Is 1531363237 prime?
False
Is 33909415523 prime?
False
Is 68854335523 a prime number?
True
Is 362962959 a composite number?
True
Is 2452942273 a composite number?
False
Is 31779024547 a composite number?
True
Is 20481242917 composite?
False
Is 63720838679 prime?
False
Is 11973465073 a prime number?
True
Is 1979220949 prime?
True
Is 35785851263 a prime number?
True
Is 7806209441 a prime number?
True
Is 22147928195 a prime number?
False
Is 37978613437 a composite number?
True
Is 638605091 prime?
False
Is 50215283003 a prime number?
True
Is 37672058453 a prime number?
True
Is 2810946871 a composite number?
True
Is 14965968779 a composite number?
False
Is 2396630921 composite?
False
Is 1794473711 composite?
False
Is 1402000333 a prime number?
True
Is 354013919 a prime number?
False
Is 1344780479 a composite number?
True
Is 20074059779 a prime number?
False
Is 18142928891 prime?
False
Is 482928011 a composite number?
False
Is 8538995273 a prime number?
True
Is 13652813279 composite?
True
Is 226254729131 prime?
True
Is 2483770339 composite?
True
Is 1759678357 composite?
True
Is 3318448057 a composite number?
False
Is 1845963799 a composite number?
False
Is 4769702401 a composite number?
False
Is 549729457059 a prime number?
False
Is 2001395677 composite?
False
Is 422220661 a prime number?
False
Is 3635750633 prime?
True
Is 4382713583 prime?
True
Is 73946374313 a prime number?
False
Is 32738385857 prime?
True
Is 242755393 a composite number?
True
Is 159068611 a composite number?
True
Is 8583954871 a composite number?
False
Is 1857136769 composite?
True
Is 6898312111 a prime number